e
Does 44 divide 128138076?
True
Does 4 divide 191890?
False
Does 80 divide 154416960?
True
Is 1031 a factor of 11324504?
True
Does 431 divide 16581161?
False
Does 2537 divide 279056195?
False
Does 165 divide 57457753?
False
Does 5 divide 25154940?
True
Is 231228540 a multiple of 999?
True
Is 604998666 a multiple of 1674?
True
Is 6 a factor of 412404892?
False
Is 155041322 a multiple of 37?
True
Does 85 divide 856046645?
True
Is 83826226 a multiple of 13?
False
Is 1285987216 a multiple of 3?
False
Does 59 divide 173953358?
True
Is 48 a factor of 661917936?
True
Is 2589 a factor of 553401221?
False
Does 17 divide 2373733198?
False
Does 171 divide 53091086?
False
Is 1562932464 a multiple of 492?
True
Is 36450956 a multiple of 7?
False
Is 95641196 a multiple of 11?
False
Is 29717359 a multiple of 93?
False
Is 109 a factor of 117212492?
False
Does 2840 divide 15490989?
False
Is 27102688 a multiple of 16?
True
Does 597 divide 29454801?
False
Does 829 divide 17175611?
False
Does 4528 divide 36626992?
True
Is 4715924677 a multiple of 472?
False
Does 1956 divide 299976893?
False
Is 25 a factor of 23210848?
False
Does 43 divide 2274700?
True
Is 14 a factor of 11793544?
True
Is 15 a factor of 1319549723?
False
Is 429406438 a multiple of 7?
False
Does 8260 divide 2384952708?
False
Is 27 a factor of 531081446?
False
Is 1185 a factor of 269854624?
False
Is 4150077776 a multiple of 5876?
True
Is 22706593 a multiple of 9?
False
Does 18 divide 3267913842?
True
Is 6268 a factor of 1193978784?
True
Is 522462760 a multiple of 635?
True
Is 519620232 a multiple of 575?
False
Is 43 a factor of 160175?
True
Is 157586358 a multiple of 761?
True
Is 6853 a factor of 536865358?
False
Is 45188256 a multiple of 32?
True
Does 7 divide 11395553?
False
Is 2 a factor of 49088663?
False
Is 226225131 a multiple of 1945?
False
Does 148 divide 12919640?
False
Is 612035639 a multiple of 264?
False
Is 6162177 a multiple of 28?
False
Is 4 a factor of 16691591?
False
Is 70995325 a multiple of 1502?
False
Does 7 divide 16865757?
False
Is 1745 a factor of 5801955?
False
Does 13 divide 235407495?
False
Is 17402742 a multiple of 5?
False
Is 115584913 a multiple of 23?
True
Does 42 divide 104162137?
False
Is 230 a factor of 18549270?
True
Is 16 a factor of 33111152?
True
Does 83 divide 29131491?
False
Is 62 a factor of 90270326?
True
Does 65 divide 12168419?
False
Is 410011644 a multiple of 1043?
True
Is 10005552 a multiple of 2736?
True
Does 36 divide 1768218?
False
Is 757 a factor of 4110438?
False
Does 90 divide 4324254030?
True
Is 34057432 a multiple of 1676?
False
Is 167 a factor of 135627881?
True
Is 204859800 a multiple of 4788?
False
Is 21 a factor of 2291117787?
True
Is 9 a factor of 5333733?
True
Does 61 divide 1265910247?
True
Is 10473993 a multiple of 6?
False
Is 168 a factor of 38362251?
False
Does 266 divide 1892747949?
False
Is 76337448 a multiple of 1084?
True
Is 10892445 a multiple of 5?
True
Does 32 divide 16999621?
False
Is 4074 a factor of 2036620670?
False
Is 21 a factor of 2004849?
True
Is 10 a factor of 1502604978?
False
Does 2 divide 475291?
False
Is 9438113 a multiple of 65?
False
Does 5791 divide 2815340978?
True
Is 30844775 a multiple of 292?
False
Does 45 divide 322181990?
False
Does 63 divide 1689730518?
False
Is 142993934 a multiple of 118?
True
Does 140 divide 123296?
False
Does 3982 divide 113790515?
False
Is 754 a factor of 133037051?
False
Is 947661890 a multiple of 8813?
True
Is 2 a factor of 92642684?
True
Is 221 a factor of 139292101?
True
Is 2209483 a multiple of 20?
False
Is 1608 a factor of 18477528?
True
Is 8 a factor of 146111069?
False
Is 22 a factor of 1261738700?
False
Is 41 a factor of 38298920?
True
Does 189 divide 5408465?
False
Is 23 a factor of 644287178?
True
Is 3710904723 a multiple of 312?
False
Does 184 divide 14048032?
True
Is 376 a factor of 101382320?
False
Is 52816043 even?
False
Does 85 divide 115085721?
False
Does 1039 divide 898394208?
True
Does 29 divide 280867206?
False
Is 600367950 a multiple of 30?
True
Is 117 a factor of 129281781?
False
Does 136 divide 4660724?
False
Is 47 a factor of 34383367?
True
Is 898232998 a multiple of 431?
False
Does 5 divide 19131945?
True
Is 413 a factor of 823490730?
False
Does 467 divide 7873140?
False
Does 972 divide 55370533?
False
Does 2488 divide 60040416?
True
Is 88172316 a multiple of 12?
True
Is 3870660480 a multiple of 4128?
True
Is 56 a factor of 10054766?
False
Is 136 a factor of 31329438?
False
Is 76413395 a multiple of 19?
False
Does 165 divide 1140226135?
False
Is 69 a factor of 983784614?
False
Does 41 divide 413098903?
True
Is 19781952 a multiple of 788?
True
Is 96 a factor of 115581504?
True
Is 25850072 a multiple of 147?
False
Is 64157236 a multiple of 7?
False
Is 17 a factor of 3580169961?
True
Does 8 divide 2318035728?
True
Is 19413260 a multiple of 5?
True
Is 246 a factor of 3741414?
True
Does 4 divide 345058368?
True
Does 5 divide 44825?
True
Is 7 a factor of 15556644?
False
Is 1503 a factor of 6070035339?
True
Is 241905111 a multiple of 39?
False
Is 64747452 a multiple of 6?
True
Is 260 a factor of 126784320?
True
Is 1039789751 a multiple of 960?
False
Does 19 divide 2829898?
True
Is 1453 a factor of 2056752013?
True
Is 495 a factor of 1673989020?
True
Is 15705316 a multiple of 16?
False
Is 110442948 a multiple of 2212?
True
Is 378360416 a multiple of 940?
False
Does 1659 divide 24894238?
False
Is 118115069 a multiple of 6393?
False
Does 266 divide 471603370?
True
Does 48 divide 197297172?
False
Is 1083 a factor of 308599632?
False
Does 3987 divide 2168524789?
False
Does 2967 divide 2460021901?
False
Is 38159841 a multiple of 3?
True
Does 1285 divide 75876143?
False
Does 125 divide 92102375?
True
Is 130 a factor of 2555042647?
False
Is 91 a factor of 30844450?
True
Is 1520 a factor of 1294158931?
False
Is 786456125 a multiple of 83?
True
Is 38522729 a multiple of 26?
False
Is 598876740 a multiple of 308?
True
Is 82640530 a multiple of 7?
True
Does 28 divide 2497937330?
False
Is 191353471 a multiple of 4?
False
Is 477993061 a multiple of 371?
True
Is 8369032 a multiple of 149?
True
Is 51005084 a multiple of 298?
True
Does 15 divide 322889041?
False
Is 340 a factor of 4280600?
True
Is 165991455 a multiple of 113?
False
Is 21 a factor of 140263877?
False
Is 1042822278 a multiple of 13779?
True
Is 42449204 a multiple of 68?
True
Is 5 a factor of 4633715?
True
Does 20 divide 28906720?
True
Is 13136 a factor of 2549684679?
False
Is 29367380 a multiple of 4?
True
Is 106 a factor of 98200765?
False
Is 1682 a factor of 45170110?
True
Does 13 divide 12813374?
False
Does 32 divide 34474487?
False
Is 19953814 a multiple of 1154?
True
Is 8049976350 a multiple of 30?
True
Does 25 divide 1611769?
False
Is 54 a factor of 207443096?
False
Is 43438993 a multiple of 1706?
False
Is 35809903 a multiple of 226?
False
Does 724 divide 326837492?
True
Is 484 a factor of 5381018104?
True
Is 15188280 a multiple of 46?
True
Is 6 a factor of 129373662?
True
Is 6 a factor of 701886145?
False
Is 88221203 a multiple of 401?
True
Is 395727814 a multiple of 13?
False
Is 54294859 a multiple of 18?
False
Is 50 a factor of 170799776?
False
Does 1146 divide 3777199177?
False
Is 44 a factor of 1194649456?
True
Is 20 a factor of 190124260?
True
Is 3483 a factor of 120730008?
False
Does 143 divide 20475884?
True
Does 92 divide 5698756?
True
Is 2 a factor of 1895003?
False
Does 1525 divide 1763104143?
False
Does 33 divide 993749823?
True
Does 278 divide 102257053?
False
Does 1219 divide 1380075003?
True
Does 8 divide 243303574?
False
Is 2510 a factor of 1585622220?
True
Does 43 divide 8112423?
True
Does 149 divide 278764249?
True
Is 519234560 a multiple of 538?
True
Does 428 divide 38285884?
True
Is 291977771 a multiple of 29?
True
Is 74766750 a multiple of 250?
True
Is 124 a factor of 60837177?
False
Is 2387 a factor of 108818711?
False
Does 325 divide 2998985925?
True
Is 197 a factor of 237379197?
False
Is 25 a factor of 300410011?
False
Is 9 a factor of 301407938?
False
Is 2361636293 a multiple of 51?
False
Does 38 divide 180774165?
False
Is 17020 a factor of 6608866000?
True
Is 32722585 a multiple of 1565?
True
Is 56 a factor of 571397680?
True
Is 462225601 a multiple of 24?
False
Is 1222 a factor of 1481